ousands digit of a(-10)?
3
Let t be (-1)/(((-2)/3)/((-8)/(-6))). Suppose -2*f + 24 = -4*x, -t*f + 34 = 4*x - 14. What is the units digit of f?
8
Suppose 5*p - 8270 = -5*i, 10*i - 14*i = 8. What is the units digit of p?
6
Let y(a) = -6*a**2 - a + 706. What is the units digit of y(0)?
6
What is the tens digit of 3/((-21492)/(-3580) + -6)?
9
Suppose 2*g + 37 + 63 = 3*h, 3*g = h - 45. What is the tens digit of h?
3
Let v be 2/(-1 + (-3)/(-2)). Let o(m) = 3*m**2 - 13*m + 13. Let r be o(9). Suppose -4*y = -5*c + r, -3*c - 5*y = -v*c + 32. What is the tens digit of c?
2
What is the units digit of (77/22)/((-1)/(-144))?
4
Let h = -4830 - -6911. What is the units digit of h?
1
Let a = -21 - -52. Suppose -2*v + 5*j + a = 7, 3*v + j - 53 = 0. What is the tens digit of v?
1
Let q(s) = 6*s**2 + 29*s - 89. What is the tens digit of q(22)?
5
Let j = -7016 + 10214. What is the hundreds digit of j?
1
Let v(m) = m - 48. Let j be v(-14). What is the tens digit of (-95)/20 - (-3)/4 - j?
5
Suppose -3*f = 2*c + f + 16, 5 = -f. Suppose j - c - 3 = 0. What is the units digit of j?
5
Let t = 72 - 68. What is the units digit of (-1)/t*(-2 - 10)?
3
Let x = 94 - 69. Let l = 28 - 47. Let k = x + l. What is the units digit of k?
6
Suppose 4*r - 2*u = 2598, -1814 = -3*r + 4*u + 142. What is the hundreds digit of r?
6
Let w = -74 - -73. What is the hundreds digit of ((-107)/(w/1))/(1 + 0)?
1
Let d = 129 - -1710. What is the thousands digit of d?
1
Let g(v) = 3*v + 8. Let h be g(7). Let i(z) = -z + 3. Let f be i(1). Suppose -3*p + f*u + 13 = -2*p, -h = -2*p + 3*u. What is the tens digit of p?
1
Let f be (-78)/52*(0 + 16/6). What is the units digit of f + 2/16 + (-775)/(-8)?
3
Suppose 0 = q + q - 26. Let l = -9 + q. Suppose 3*v + 3*b = l*v - 23, 0 = v - 5*b - 29. What is the units digit of v?
4
What is the units digit of -7 + 4/((-8)/(-1306))?
6
Let u = -25 - -16. Let h = u + 11. Suppose -3*s = 2*j - 18, -s + 2*s - 18 = -h*j. What is the units digit of j?
9
Let k(h) = h + 6. Let j(q) = -q**3 + 2*q + 1. Let z be j(2). Let t be k(z). Let w = t - -14. What is the tens digit of w?
1
Suppose -25 = -5*l + 5*o, -11 = -2*l + 4*o + 5. Let y be 120/(-21) + (-4)/14. What is the units digit of (-52)/y - l/(-6)?
9
Let b(x) = 313*x - 88. What is the thousands digit of b(4)?
1
Suppose 3*t - 4*g = 14163, 3*t + 10*g - 23605 = -2*t. What is the tens digit of t?
2
Suppose -w + 2*w = -3. Let g be (8/w)/(8/(-12)). Suppose -4 - 52 = -g*t. What is the tens digit of t?
1
Suppose 0 = 3*u - 6, -7*u = 4*s - 4*u - 18910. What is the hundreds digit of s?
7
Let u(w) = w - 5. Let g be u(6). Suppose -g = -4*t + 5*t. What is the tens digit of 19 + (-3 - t) + 1?
1
Suppose -2*y + 729 = 5*d, -y - 1745 = -6*y + 3*d. What is the units digit of y?
2
Let t(m) = m + 11. Let n(b) = b + 12. Let h(o) = -3*n(o) + 4*t(o). Let c = -192 + 199. What is the tens digit of h(c)?
1
Suppose -5*r = -4*d, 0*d - 31 = -4*r - 3*d. What is the units digit of 4*1/r - 3/(-3)?
2
What is the units digit of (144576/40 - 0) + (-6)/(-10)?
5
Let g = 108 - 115. Let n(o) = 2*o**2 - 20*o - 3. What is the units digit of n(g)?
5
Let d(z) = z + 14. Let t be d(-11). Suppose f - 5*f = -3*s + 12, 0 = -s + f + t. Suppose -4*c + 5*p + 20 = 0, -4*p + s = -2*c + 4. What is the tens digit of c?
1
Let d = 1261 + 90. What is the hundreds digit of d?
3
Suppose 5*n + 2*i + 870 = 0, n = 5*n + i + 699. What is the tens digit of (n/12 + 2)*(-27)/6?
5
Let z(l) = -5*l**3 + 3*l**2 + 2*l + 7. What is the thousands digit of z(-6)?
1
Let r(a) = a**3 + 10*a**2 + 2*a - 13. Let b be r(-7). Suppose -d - 4*d = -b. What is the units digit of d?
4
Let h = -52 + 425. What is the units digit of h?
3
Let f(z) = -z**2 + 18*z - 32. Let j be f(11). Let x be (-1)/4 - 27/(-12). Suppose 2*u = -6, -j = -4*d - x*u + 89. What is the units digit of d?
5
Suppose 9*z - 7*z + 4 = 0, -5*z - 4015 = -5*q. What is the hundreds digit of q?
8
What is the thousands digit of (-60 - -15)*597/(-15)?
1
Let v be (12 + -24)*4/(-6). Suppose 2*w = -4*k + 3*w + v, -3*k - 2*w = 5. What is the units digit of k?
1
Let d = 1561 + -896. What is the tens digit of d?
6
What is the tens digit of (940/35)/(2/7)?
9
Suppose 8 = -7*k + 9*k. Suppose 3*r + 18 - 114 = 2*t, -2*r + k*t + 56 = 0. What is the tens digit of r?
3
Suppose 0 = 3*h + 2*f - 25, 0 = 7*h - 2*h - 5*f. Suppose -x = -n - 22, h*x - x = n + 22. What is the units digit of (-6)/(-33) + (-216)/n?
0
Let b = -278 + 427. What is the hundreds digit of b?
1
Suppose 594 = -74*l + 80*l. What is the tens digit of l?
9
Suppose 2*d + 4*j + 6 = 0, 2*j - 16 = -4*d + j. Suppose 0 = 3*i + i + d*p + 17, 0 = 5*i - 4*p - 30. Suppose i*u - 16 = -2*u. What is the units digit of u?
4
Let x(d) = 30*d - 17 + 2*d + 26*d**2 - 14*d**2 - 14*d**2. What is the units digit of x(13)?
1
Suppose -2*n + 15 = 9. What is the units digit of (-10)/(9/n - 5)?
5
Let x(i) = 4*i + 3. Let h be x(0). Suppose -h*m + 4*z + 138 = 0, 0*m = -3*m - 2*z + 156. What is the tens digit of m?
5
Let c be ((-12)/10)/(2/10). Let s(x) be the first derivative of -9*x**2/2 + 14*x - 26. What is the units digit of s(c)?
8
Let k be (3 + 1)*106/(-4). Let r = k - -70. What is the units digit of (2 - r) + 1*3?
1
Let m be -28*(-4)/16*12/(-14). What is the tens digit of (-1590)/(-9) - 2/m?
7
Suppose -4*y + 7 + 13 = 0. Suppose -y*n - 4*r = -0*n + 102, 4*n - 4*r + 96 = 0. Let j = 43 + n. What is the units digit of j?
1
Suppose 8*t + 410 = -430. Let s = -95 - t. What is the tens digit of s?
1
Let y = -76 + 84. Suppose -y*b = -5*b - 36. What is the units digit of b?
2
Let b be ((0/1)/4)/(-1). Suppose b = -4*n + 16, -4*w + 3*n = -188 - 168. What is the units digit of w?
2
Suppose 2*r - 107 = -5*l, l + 3*l + 2*r = 86. Let w(q) = q**2 + 85. Let z be w(0). Suppose l - 84 = -4*g - 5*j, -5*g = 5*j - z. What is the tens digit of g?
2
Let u(x) be the first derivative of -3*x - 8 - 9/2*x**2. What is the units digit of u(-7)?
0
Let o = 2665 - 1515. Suppose 2*c = 0, 5*q + c - o = 5*c. What is the hundreds digit of q?
2
Let t = -9 - 3. What is the units digit of ((-10)/1)/(6/t)?
0
Let q = -7 + 11. Suppose -6 = -6*h + 126. Suppose -m = 2*k + 2*k - h, -5*m - 34 = -q*k. What is the units digit of k?
6
Let n(u) = 7*u + 15. Let g(y) = -3*y - 7. Let z(m) = -9*g(m) - 4*n(m). Suppose -4*r - 8 = -p, r = 3*p + 7 + 2. What is the units digit of z(r)?
6
What is the hundreds digit of 32/112 + (-3874)/(-14)?
2
Suppose 0 = 5*g + 387 + 93. Let u = 159 + g. Suppose -3*w = -4*s - u, 4*w - 5*w + 14 = s. What is the units digit of w?
7
Let c(p) = -8*p**3 - 15*p**2 + 3*p - 6. What is the hundreds digit of c(-5)?
6
Let p(t) = -t**3 + 5*t**2 - 4*t + 5. Let i be p(4). Suppose -69 = 4*y + w, -5*y - i*w + 0*w - 105 = 0. Let b = 29 + y. What is the units digit of b?
3
Let i(l) = l**3 - 4*l**2 + l. Suppose 21 - 1 = 5*c. Let z be i(c). Suppose -z = -4*h, 0 = 5*m - 3*m - h - 53. What is the units digit of m?
7
Let j(v) = 4*v**3 - 1 - 3*v**3 - 3*v**2 - 2 + 3*v. What is the tens digit of j(4)?
2
Let w = 8005 - 4944. What is the hundreds digit of w?
0
Let n(u) = -8*u - 6. Suppose 0 = -3*g + 6 - 18. What is the tens digit of n(g)?
2
Suppose 2*q - 2348 = -2*g - 3*q, -g + 1189 = -5*q. What is the tens digit of g?
7
Let g(n) be the second derivative of 3/2*n**3 - 2*n + 0 - 5*n**2 - 1/20*n**5 - 5/6*n**4. What is the units digit of g(-11)?
2
Let s be (-160)/(-4 - 3/(-1)). Suppose 3*z + z = s. Let l = 63 - z. What is the units digit of l?
3
Let o(u) = 2*u**2 - 21*u - 21. Let n = -9 - -25. What is the tens digit of o(n)?
5
Let d = -10655 + 16415. What is the thousands digit of d?
5
Let y be 42/(-4) - 9/6. Let k be y/(-2) - (-12)/(-4). Let q(c) = c**3 - c**2 - 4*c + 3. What is the units digit of q(k)?
9
Suppose 3*z = 15, -2*z - 7 = -4*c + 7. Suppose c*h + 20 = 866. What is the hundreds digit of h?
1
Suppose -3*p + 417 = 3*h - 459, 0 = -p + 3*h + 308. What is the hundreds digit of p?
2
Suppose q - 3*h = 1037, 2*q + 5*h + 2071 = 4*q. What is the thousands digit of q?
1
Let c(k) be the first derivative of 25*k**2 - 12*k + 9 - 9*k**2 - 13*k**2 - 4. What is the units digit of c(6)?
4
Let g(y) = 4*y**2 - 3*y + 7. Let m(u) = -7*u**2 + 7*u - 13. Let w(b) = 5*g(b) + 3*m(b). Let c be w(4). Suppose c*a - 15 = 3*a. What is the units digit of a?
5
Suppose -5*o = -4*y - 256, -4*o + 3*o + 5*y